 the remainder when 4284 is divided by 491.
356
Calculate the remainder when 5175348 is divided by 68.
4
Calculate the remainder when 1018675 is divided by 94.
91
What is the remainder when 247892 is divided by 244905?
2987
Calculate the remainder when 510811 is divided by 11513.
4239
Calculate the remainder when 5182585 is divided by 69101.
10
Calculate the remainder when 1867020 is divided by 5335.
5105
Calculate the remainder when 286244 is divided by 95128.
860
What is the remainder when 1082549 is divided by 2879?
45
Calculate the remainder when 52169 is divided by 1456.
1209
What is the remainder when 18317065 is divided by 18?
13
What is the remainder when 170254 is divided by 34010?
204
Calculate the remainder when 1493039309 is divided by 41.
37
What is the remainder when 20858261 is divided by 105?
11
What is the remainder when 2471658 is divided by 10047?
96
Calculate the remainder when 13612 is divided by 3311.
368
Calculate the remainder when 8164427 is divided by 348.
347
What is the remainder when 51821971 is divided by 28758?
55
What is the remainder when 6383873 is divided by 57?
44
Calculate the remainder when 527738 is divided by 783.
779
What is the remainder when 1901488 is divided by 225?
13
What is the remainder when 90632 is divided by 12944?
24
Calculate the remainder when 318102 is divided by 45437.
43
What is the remainder when 58410861 is divided by 268?
261
What is the remainder when 51123066 is divided by 364?
358
What is the remainder when 827350 is divided by 206818?
78
What is the remainder when 659699 is divided by 329773?
153
What is the remainder when 793513 is divided by 216?
145
What is the remainder when 163848760 is divided by 24?
16
Calculate the remainder when 2998775 is divided by 37009.
1046
Calculate the remainder when 27024400 is divided by 13512185.
30
What is the remainder when 1546643999 is divided by 80?
79
Calculate the remainder when 95827 is divided by 4445.
2482
Calculate the remainder when 390341279 is divided by 2576.
2575
Calculate the remainder when 333295 is divided by 1218.
781
What is the remainder when 1680661 is divided by 40989?
112
What is the remainder when 29691 is divided by 337?
35
What is the remainder when 3169897 is divided by 2294?
1883
Calculate the remainder when 107391 is divided by 13421.
23
Calculate the remainder when 157615648 is divided by 10.
8
What is the remainder when 154762 is divided by 77304?
154
What is the remainder when 166271 is divided by 82929?
413
Calculate the remainder when 3787193 is divided by 16466.
13
Calculate the remainder when 6023995 is divided by 6.
1
What is the remainder when 442520 is divided by 49167?
17
Calculate the remainder when 294937 is divided by 263.
114
What is the remainder when 687867 is divided by 343908?
51
Calculate the remainder when 11149028 is divided by 117358.
18
Calculate the remainder when 5144661 is divided by 2819.
2805
What is the remainder when 26012765 is divided by 3628?
5
What is the remainder when 3339754 is divided by 3650?
4
What is the remainder when 469504 is divided by 6721?
5755
Calculate the remainder when 172633 is divided by 172572.
61
Calculate the remainder when 446161 is divided by 567.
499
Calculate the remainder when 19763 is divided by 9655.
453
Calculate the remainder when 209287 is divided by 599.
236
Calculate the remainder when 3465494 is divided by 1732722.
50
Calculate the remainder when 410388 is divided by 15781.
82
Calculate the remainder when 845 is divided by 501.
344
Calculate the remainder when 1029882 is divided by 616.
546
Calculate the remainder when 3091197 is divided by 1120.
1117
Calculate the remainder when 118434 is divided by 1166.
668
What is the remainder when 26539 is divided by 2475?
1789
What is the remainder when 429438058 is divided by 940?
938
Calculate the remainder when 48058164 is divided by 20.
4
Calculate the remainder when 26808698 is divided by 243715.
48
What is the remainder when 60673852 is divided by 2842?
2836
Calculate the remainder when 657752 is divided by 4385.
2
Calculate the remainder when 1301865 is divided by 1548.
1545
What is the remainder when 53970167 is divided by 28?
27
Calculate the remainder when 487481 is divided by 162482.
35
What is the remainder when 1516127 is divided by 303168?
287
What is the remainder when 85404448 is divided by 127?
123
What is the remainder when 134338 is divided by 1196?
386
Calculate the remainder when 29715 is divided by 5477.
2330
What is the remainder when 483111594 is divided by 549615?
9
Calculate the remainder when 16867306 is divided by 48.
10
What is the remainder when 130836 is divided by 3189?
87
What is the remainder when 195718 is divided by 1591?
25
What is the remainder when 6906346 is divided by 766?
90
What is the remainder when 424747 is divided by 50?
47
Calculate the remainder when 148546 is divided by 48959.
1669
Calculate the remainder when 1802020 is divided by 9101.
22
Calculate the remainder when 4846897 is divided by 483.
475
Calculate the remainder when 35483449 is divided by 754967.
0
Calculate the remainder when 886589 is divided by 838.
823
What is the remainder when 66921 is divided by 6338?
3541
Calculate the remainder when 1133508 is divided by 76.
44
What is the remainder when 96104564 is divided by 19?
18
What is the remainder when 50656908 is divided by 16885629?
21
What is the remainder when 5394723 is divided by 3376?
3251
Calculate the remainder when 330396 is divided by 81860.
2956
What is the remainder when 349670793 is divided by 301?
297
Calculate the remainder when 167927 is divided by 41960.
87
Calculate the remainder when 5868353 is divided by 21.
8
Calculate the remainder when 10011076 is divided by 93.
91
Calculate the remainder when 61086285 is divided by 3.
0
Calculate the remainder when 2257559 is divided by 216.
143
Calculate the remainder when 832546 is divided by 1749.
22
What is the remainder when 28739371 is divided by 330?
1
Calculate the remainder when 108863 is divided by 3628.
23
What is the remainder when 40481 is divided by 2584?
1721
Calculate the remainder when 2679928 is divided by 6.
4
What is the remainder when 772418753 is divided by 9?
8
What is the remainder when 746588 is divided by 56?
52
What is the remainder when 306343 is divided by 5087?
1123
Calculate the remainder when 41174 is divided by 68.
34
Calculate the remainder when 270017 is divided by 53401.
3012
What is the remainder when 5791161 is divided by 9?
3
Calculate the remainder when 687724 is divided by 502.
486
What is the remainder when 2909462 is divided by 265?
27
Calculate the remainder when 220919669 is divided by 184870.
19
Calculate the remainder when 127665 is divided by 941.
630
Calculate the remainder when 30119 is divided by 2742.
2699
What is the remainder when 2065939 is divided by 76515?
34
What is the remainder when 276312 is divided by 91757?
1041
Calculate the remainder when 107501743 is divided by 2193913.
6
Calculate the remainder when 18432110 is divided by 209.
191
What is the remainder when 89543297 is divided by 116?
113
Calculate the remainder when 60579 is divided by 1206.
279
What is the remainder when 663840 is divided by 25?
15
Calculate the remainder when 2225883 is divided by 540.
3
What is the remainder when 21253864 is divided by 131196?
112
What is the remainder when 61851 is divided by 1765?
76
What is the remainder when 1022424 is divided by 340805?
9
Calculate the remainder when 2794611 is divided by 49.
43
What is the remainder when 1496818 is divided by 748389?
40
What is the remainder when 13567994 is divided by 13567986?
8
What is the remainder when 15220461 is divided by 16?
13
What is the remainder when 16971097 is divided by 134?
131
What is the remainder when 907449 is divided by 157?
146
Calculate the remainder when 305417 is divided by 3918.
3731
What is the remainder when 82917159 is divided by 909?
906
Calculate the remainder when 125449 is divided by 1118.
233
What is the remainder when 771755 is divided by 18375?
5
Calculate the remainder when 62529130 is divided by 284.
282
Calculate the remainder when 26399 is divided by 447.
26
Calculate the remainder when 12954849 is divided by 786.
783
What is the remainder when 7167